{"id":2,"date":"2020-06-20T21:20:02","date_gmt":"2020-06-20T21:20:02","guid":{"rendered":"http:\/\/ristoranteallaconchiglia.com\/?page_id=2"},"modified":"2025-03-16T19:23:34","modified_gmt":"2025-03-16T19:23:34","slug":"chi-siamo","status":"publish","type":"page","link":"https:\/\/ristoranteallaconchiglia.com\/","title":{"rendered":"Chi siamo"},"content":{"rendered":"<div class=\"wp-block-columns is-layout-flex wp-container-core-columns-is-layout-2 wp-block-columns-is-layout-flex\"><div class=\"wp-block-column is-vertically-aligned-top is-layout-flow wp-block-column-is-layout-flow\"><div class=\"wp-block-columns is-layout-flex wp-container-core-columns-is-layout-1 wp-block-columns-is-layout-flex\"><div class=\"wp-block-column is-layout-flow wp-block-column-is-layout-flow\"><p>Il Ristorante alla Conchiglia si trova in una delle zone pi\u00f9 belle di Venezia, a due passi da Piazza San Marco. il ristorante mantiene uno stile raffinato, il quale ogni giorno si impegna per dare il massimo della qualit\u00e0 ai propri clienti e supportato con scrupolo da tutto lo staff, che coccola i propri ospiti, trattandoli in modo speciale. Al centro della nostra attenzione ci sono proprio loro, gli ospiti, che passano per caso nella nostra zona, ritrovandosi in uno dei ristoranti pi\u00f9 rinomati di Venezia, grazie all&#8217;alta qualit\u00e0 dei prodotti serviti e all&#8217;ottima efficienza del personale. Il ristorante pu\u00f2 vantarsi di un men\u00f9 specializzato in pesce, ma non mancano di sicuro le specialit\u00e0 tipiche regionali e locali. Uno dei nostri piatti forti \u00e8 sicuramente lo &#8220;Scoglio 1970&#8221;, preparato seguendo una ricetta decennale. Una cos\u00ec ricca gamma di pietanze non pu\u00f2 che essere accompagnata da un&#8217;ampia carta vini, da noi selezionata minuziosamente.<\/p><\/div>\n\n<div class=\"wp-block-column is-layout-flow wp-block-column-is-layout-flow\"><br>\n<!DOCTYPE html>\n<html>\n<head>\n<title>Newsletter<\/title>\n<\/head>\n<body>\n<a href=\"https:\/\/pro.pns.sm\/ps4d2et\" target=\"_blank\" rel=\"noopener\"> \n   <img data-recalc-dims=\"1\" decoding=\"async\" src=\"https:\/\/i0.wp.com\/ristoranteallaconchiglia.com\/wp-content\/uploads\/2023\/03\/Newsletter.png?w=640\" alt=\"Newsletter\" border=\"0\"\/> \n<\/a>\n<\/body>\n<\/html><\/div><\/div><\/div><\/div><section id=\"section-708cd50d-39b4-40d8-8df6-c6acee350db7\" class=\"wp-block-gutentor-testimonial gutentor-section gutentor-testimonial testimonial-template3 has-color-bg has-custom-bg has-gutentor-block-shape-top\"><div class=\"gutentor-block-shape-top\"><span><svg xmlns=\"http:\/\/www.w3.org\/2000\/svg\" viewBox=\"0 0 1000 99\" preserveAspectRatio=\"none\"><path d=\"M526.35,17.11C607.41,28.38,687,48.17,768.06,59.5A1149.19,1149.19,0,0,0,1000,68.07V0H0V99C155.18,13.84,347.42-7.77,526.35,17.11Z\" transform=\"translate(0 0.04)\"><\/path><\/svg><\/span><\/div><div class=\"grid-container\"><div class=\"gutentor-block-header\"><div class=\"gutentor-section-title enable-title-design seperator-bottom text-center\"><h2 class=\"gutentor-title\">Testimonials<\/h2><\/div><\/div><div class=\"grid-row gutentor-grid-item-wrap\"><div class=\"gutentor-grid-column grid-lg-4 grid-md-4 grid-12\"><div class=\"gutentor-single-item gutentor-single-item-0\"><div class=\"gutentor-single-item-content\"><div class=\"gutentor-single-item-image-box\"><div class=\"gutentor-image-thumb\"><img data-recalc-dims=\"1\" decoding=\"async\" class=\"normal-image\" src=\"https:\/\/i0.wp.com\/ristoranteallaconchiglia.com\/wp-content\/uploads\/2023\/02\/recensioni-The-Fork.jpg?resize=150%2C150\" alt=\"\" height=\"150\" width=\"150\" \/><\/div><\/div><div class=\"gutentor-testimonial-content\"><div class=\"gutentor-testimonial-author\"><a class=\"gutentor-single-item-title-link\" href=\"#\" target=\"_blank\" rel=\"noopener noreferrer\"><h3 class=\"gutentor-single-item-title\">Gianluca R.<\/h3><\/a><p class=\"gutentor-single-item-designation\"><br><img data-recalc-dims=\"1\" decoding=\"async\" style=\"width: 23px\" src=\"https:\/\/i0.wp.com\/maps.gstatic.com\/consumer\/images\/icons\/2x\/ic_star_rate_14.png?w=640&#038;ssl=1\" alt=\"\"><img data-recalc-dims=\"1\" decoding=\"async\" style=\"width: 23px\" src=\"https:\/\/i0.wp.com\/maps.gstatic.com\/consumer\/images\/icons\/2x\/ic_star_rate_14.png?w=640&#038;ssl=1\" alt=\"\"><img data-recalc-dims=\"1\" decoding=\"async\" style=\"width: 23px\" src=\"https:\/\/i0.wp.com\/maps.gstatic.com\/consumer\/images\/icons\/2x\/ic_star_rate_14.png?w=640&#038;ssl=1\" alt=\"\"><img data-recalc-dims=\"1\" decoding=\"async\" style=\"width: 23px\" src=\"https:\/\/i0.wp.com\/maps.gstatic.com\/consumer\/images\/icons\/2x\/ic_star_rate_14.png?w=640&#038;ssl=1\" alt=\"\"><img data-recalc-dims=\"1\" decoding=\"async\" style=\"width: 23px\" src=\"https:\/\/i0.wp.com\/maps.gstatic.com\/consumer\/images\/icons\/2x\/ic_star_rate_14.png?w=640&#038;ssl=1\" alt=\"\"><\/p><\/div><p class=\"gutentor-single-item-desc\"><em>Abbiamo cenato lungo il canale a cui si affaccia il ristorante in un&#8217;atmosfera tranquilla e molto romantica. Le pietanze sono state tutte eccellenti in particolare il fritto misto che era veramente cotto alla perfezione!<\/em><\/p><\/div><\/div><\/div><\/div><div class=\"gutentor-grid-column grid-lg-4 grid-md-4 grid-12\"><div class=\"gutentor-single-item gutentor-single-item-1\"><div class=\"gutentor-single-item-content\"><div class=\"gutentor-single-item-image-box\"><div class=\"gutentor-image-thumb\"><img data-recalc-dims=\"1\" decoding=\"async\" class=\"normal-image\" src=\"https:\/\/i0.wp.com\/ristoranteallaconchiglia.com\/wp-content\/uploads\/2023\/02\/recensioni-google-1.jpg?resize=150%2C150\" alt=\"\" height=\"150\" width=\"150\" \/><\/div><\/div><div class=\"gutentor-testimonial-content\"><div class=\"gutentor-testimonial-author\"><a class=\"gutentor-single-item-title-link\" href=\"#\" target=\"_blank\" rel=\"noopener noreferrer\"><h3 class=\"gutentor-single-item-title\">Irene P.<\/h3><\/a><p class=\"gutentor-single-item-designation\"><br><img data-recalc-dims=\"1\" decoding=\"async\" style=\"width: 23px\" src=\"https:\/\/i0.wp.com\/maps.gstatic.com\/consumer\/images\/icons\/2x\/ic_star_rate_14.png?w=640&#038;ssl=1\" alt=\"\"><img data-recalc-dims=\"1\" decoding=\"async\" style=\"width: 23px\" src=\"https:\/\/i0.wp.com\/maps.gstatic.com\/consumer\/images\/icons\/2x\/ic_star_rate_14.png?w=640&#038;ssl=1\" alt=\"\"><img data-recalc-dims=\"1\" decoding=\"async\" style=\"width: 23px\" src=\"https:\/\/i0.wp.com\/maps.gstatic.com\/consumer\/images\/icons\/2x\/ic_star_rate_14.png?w=640&#038;ssl=1\" alt=\"\"><img data-recalc-dims=\"1\" decoding=\"async\" style=\"width: 23px\" src=\"https:\/\/i0.wp.com\/maps.gstatic.com\/consumer\/images\/icons\/2x\/ic_star_rate_14.png?w=640&#038;ssl=1\" alt=\"\"><img data-recalc-dims=\"1\" decoding=\"async\" style=\"width: 23px\" src=\"https:\/\/i0.wp.com\/maps.gstatic.com\/consumer\/images\/icons\/2x\/ic_star_rate_14.png?w=640&#038;ssl=1\" alt=\"\"><\/p><\/div><p class=\"gutentor-single-item-desc\">Ottimo il cibo, gentilissimo il personale. Bel ristorante sia all&#8217;interno che all&#8217;esterno. Pulitissimo. Prezzi pi\u00f9 che ragionevoli<\/p><\/div><\/div><\/div><\/div><div class=\"gutentor-grid-column grid-lg-4 grid-md-4 grid-12\"><div class=\"gutentor-single-item gutentor-single-item-2\"><div class=\"gutentor-single-item-content\"><div class=\"gutentor-single-item-image-box\"><div class=\"gutentor-image-thumb\"><img data-recalc-dims=\"1\" decoding=\"async\" class=\"normal-image\" src=\"https:\/\/i0.wp.com\/ristoranteallaconchiglia.com\/wp-content\/uploads\/2023\/02\/recensioni-trip-advisor.jpg?resize=150%2C150\" alt=\"\" height=\"150\" width=\"150\" \/><\/div><\/div><div class=\"gutentor-testimonial-content\"><div class=\"gutentor-testimonial-author\"><a class=\"gutentor-single-item-title-link\" href=\"#\" target=\"_blank\" rel=\"noopener noreferrer\"><h3 class=\"gutentor-single-item-title\">Maria<\/h3><\/a><p class=\"gutentor-single-item-designation\"><br><img data-recalc-dims=\"1\" decoding=\"async\" style=\"width: 23px\" src=\"https:\/\/i0.wp.com\/maps.gstatic.com\/consumer\/images\/icons\/2x\/ic_star_rate_14.png?w=640&#038;ssl=1\" alt=\"\"><img data-recalc-dims=\"1\" decoding=\"async\" style=\"width: 23px\" src=\"https:\/\/i0.wp.com\/maps.gstatic.com\/consumer\/images\/icons\/2x\/ic_star_rate_14.png?w=640&#038;ssl=1\" alt=\"\"><img data-recalc-dims=\"1\" decoding=\"async\" style=\"width: 23px\" src=\"https:\/\/i0.wp.com\/maps.gstatic.com\/consumer\/images\/icons\/2x\/ic_star_rate_14.png?w=640&#038;ssl=1\" alt=\"\"><img data-recalc-dims=\"1\" decoding=\"async\" style=\"width: 23px\" src=\"https:\/\/i0.wp.com\/maps.gstatic.com\/consumer\/images\/icons\/2x\/ic_star_rate_14.png?w=640&#038;ssl=1\" alt=\"\"><img data-recalc-dims=\"1\" decoding=\"async\" style=\"width: 23px\" src=\"https:\/\/i0.wp.com\/maps.gstatic.com\/consumer\/images\/icons\/2x\/ic_star_rate_14.png?w=640&#038;ssl=1\" alt=\"\"><\/p><\/div><p class=\"gutentor-single-item-desc\">La location \u00e8 ottima cos\u00ec come il cibo.\u00a0<br>Aveva il branzino e il polpo alla griglia, insieme alle zucchine fritte.\u00a0<br>L&#8217;antipasto era la tartare di tonno.\u00a0<br>Altamente raccomandato.<\/p><\/div><\/div><\/div><\/div><\/div><\/div><\/section>","protected":false},"excerpt":{"rendered":"<p>Il Ristorante alla Conchiglia si trova in una delle zone pi\u00f9 belle di Venezia, a due passi da Piazza San Marco. il ristorante mantiene uno stile raffinato, il quale ogni giorno si impegna per dare il massimo della qualit\u00e0 ai propri clienti e supportato con scrupolo da tutto lo staff, che coccola i propri ospiti, [&hellip;]<\/p>\n","protected":false},"author":1,"featured_media":0,"parent":0,"menu_order":0,"comment_status":"closed","ping_status":"closed","template":"","meta":{"footnotes":""},"class_list":["post-2","page","type-page","status-publish","hentry"],"yoast_head":"<!-- This site is optimized with the Yoast SEO plugin v25.6 - https:\/\/yoast.com\/wordpress\/plugins\/seo\/ -->\n<title>Chi siamo - Ristorante alla Conchiglia<\/title>\n<meta name=\"robots\" content=\"index, follow, max-snippet:-1, max-image-preview:large, max-video-preview:-1\" \/>\n<link rel=\"canonical\" href=\"https:\/\/ristoranteallaconchiglia.com\/\" \/>\n<meta property=\"og:locale\" content=\"it_IT\" \/>\n<meta property=\"og:type\" content=\"article\" \/>\n<meta property=\"og:title\" content=\"Chi siamo - Ristorante alla Conchiglia\" \/>\n<meta property=\"og:description\" content=\"Il Ristorante alla Conchiglia si trova in una delle zone pi\u00f9 belle di Venezia, a due passi da Piazza San Marco. il ristorante mantiene uno stile raffinato, il quale ogni giorno si impegna per dare il massimo della qualit\u00e0 ai propri clienti e supportato con scrupolo da tutto lo staff, che coccola i propri ospiti, [&hellip;]\" \/>\n<meta property=\"og:url\" content=\"https:\/\/ristoranteallaconchiglia.com\/\" \/>\n<meta property=\"og:site_name\" content=\"Ristorante alla Conchiglia\" \/>\n<meta property=\"article:publisher\" content=\"https:\/\/www.facebook.com\/RistoranteAllaConchigliaVenezia\" \/>\n<meta property=\"article:modified_time\" content=\"2025-03-16T19:23:34+00:00\" \/>\n<meta property=\"og:image\" content=\"http:\/\/ristoranteallaconchiglia.com\/wp-content\/uploads\/2023\/03\/Newsletter.png\" \/>\n<meta name=\"twitter:card\" content=\"summary_large_image\" \/>\n<meta name=\"twitter:label1\" content=\"Tempo di lettura stimato\" \/>\n\t<meta name=\"twitter:data1\" content=\"6 minuti\" \/>\n<script type=\"application\/ld+json\" class=\"yoast-schema-graph\">{\"@context\":\"https:\/\/schema.org\",\"@graph\":[{\"@type\":\"WebPage\",\"@id\":\"https:\/\/ristoranteallaconchiglia.com\/\",\"url\":\"https:\/\/ristoranteallaconchiglia.com\/\",\"name\":\"Chi siamo - Ristorante alla Conchiglia\",\"isPartOf\":{\"@id\":\"https:\/\/ristoranteallaconchiglia.com\/#website\"},\"primaryImageOfPage\":{\"@id\":\"https:\/\/ristoranteallaconchiglia.com\/#primaryimage\"},\"image\":{\"@id\":\"https:\/\/ristoranteallaconchiglia.com\/#primaryimage\"},\"thumbnailUrl\":\"http:\/\/ristoranteallaconchiglia.com\/wp-content\/uploads\/2023\/03\/Newsletter.png\",\"datePublished\":\"2020-06-20T21:20:02+00:00\",\"dateModified\":\"2025-03-16T19:23:34+00:00\",\"breadcrumb\":{\"@id\":\"https:\/\/ristoranteallaconchiglia.com\/#breadcrumb\"},\"inLanguage\":\"it-IT\",\"potentialAction\":[{\"@type\":\"ReadAction\",\"target\":[\"https:\/\/ristoranteallaconchiglia.com\/\"]}]},{\"@type\":\"ImageObject\",\"inLanguage\":\"it-IT\",\"@id\":\"https:\/\/ristoranteallaconchiglia.com\/#primaryimage\",\"url\":\"https:\/\/i0.wp.com\/ristoranteallaconchiglia.com\/wp-content\/uploads\/2023\/03\/Newsletter.png?fit=684%2C288&ssl=1\",\"contentUrl\":\"https:\/\/i0.wp.com\/ristoranteallaconchiglia.com\/wp-content\/uploads\/2023\/03\/Newsletter.png?fit=684%2C288&ssl=1\",\"width\":684,\"height\":288},{\"@type\":\"BreadcrumbList\",\"@id\":\"https:\/\/ristoranteallaconchiglia.com\/#breadcrumb\",\"itemListElement\":[{\"@type\":\"ListItem\",\"position\":1,\"name\":\"Home\",\"item\":\"https:\/\/ristoranteallaconchiglia.com\/\"},{\"@type\":\"ListItem\",\"position\":2,\"name\":\"Chi siamo\"}]},{\"@type\":\"WebSite\",\"@id\":\"https:\/\/ristoranteallaconchiglia.com\/#website\",\"url\":\"https:\/\/ristoranteallaconchiglia.com\/\",\"name\":\"Ristorante alla Conchiglia\",\"description\":\"Spell of the sea\",\"publisher\":{\"@id\":\"https:\/\/ristoranteallaconchiglia.com\/#organization\"},\"potentialAction\":[{\"@type\":\"SearchAction\",\"target\":{\"@type\":\"EntryPoint\",\"urlTemplate\":\"https:\/\/ristoranteallaconchiglia.com\/?s={search_term_string}\"},\"query-input\":{\"@type\":\"PropertyValueSpecification\",\"valueRequired\":true,\"valueName\":\"search_term_string\"}}],\"inLanguage\":\"it-IT\"},{\"@type\":\"Organization\",\"@id\":\"https:\/\/ristoranteallaconchiglia.com\/#organization\",\"name\":\"Ristorante alla Conchiglia\",\"url\":\"https:\/\/ristoranteallaconchiglia.com\/\",\"logo\":{\"@type\":\"ImageObject\",\"inLanguage\":\"it-IT\",\"@id\":\"https:\/\/ristoranteallaconchiglia.com\/#\/schema\/logo\/image\/\",\"url\":\"http:\/\/ristoranteallaconchiglia.com\/wp-content\/uploads\/2023\/02\/Logo.png\",\"contentUrl\":\"http:\/\/ristoranteallaconchiglia.com\/wp-content\/uploads\/2023\/02\/Logo.png\",\"width\":300,\"height\":300,\"caption\":\"Ristorante alla Conchiglia\"},\"image\":{\"@id\":\"https:\/\/ristoranteallaconchiglia.com\/#\/schema\/logo\/image\/\"},\"sameAs\":[\"https:\/\/www.facebook.com\/RistoranteAllaConchigliaVenezia\",\"https:\/\/www.instagram.com\/ristoranteallaconchiglia\/\"]}]}<\/script>\n<!-- \/ Yoast SEO plugin. -->","yoast_head_json":{"title":"Chi siamo - Ristorante alla Conchiglia","robots":{"index":"index","follow":"follow","max-snippet":"max-snippet:-1","max-image-preview":"max-image-preview:large","max-video-preview":"max-video-preview:-1"},"canonical":"https:\/\/ristoranteallaconchiglia.com\/","og_locale":"it_IT","og_type":"article","og_title":"Chi siamo - Ristorante alla Conchiglia","og_description":"Il Ristorante alla Conchiglia si trova in una delle zone pi\u00f9 belle di Venezia, a due passi da Piazza San Marco. il ristorante mantiene uno stile raffinato, il quale ogni giorno si impegna per dare il massimo della qualit\u00e0 ai propri clienti e supportato con scrupolo da tutto lo staff, che coccola i propri ospiti, [&hellip;]","og_url":"https:\/\/ristoranteallaconchiglia.com\/","og_site_name":"Ristorante alla Conchiglia","article_publisher":"https:\/\/www.facebook.com\/RistoranteAllaConchigliaVenezia","article_modified_time":"2025-03-16T19:23:34+00:00","og_image":[{"url":"http:\/\/ristoranteallaconchiglia.com\/wp-content\/uploads\/2023\/03\/Newsletter.png","type":"","width":"","height":""}],"twitter_card":"summary_large_image","twitter_misc":{"Tempo di lettura stimato":"6 minuti"},"schema":{"@context":"https:\/\/schema.org","@graph":[{"@type":"WebPage","@id":"https:\/\/ristoranteallaconchiglia.com\/","url":"https:\/\/ristoranteallaconchiglia.com\/","name":"Chi siamo - Ristorante alla Conchiglia","isPartOf":{"@id":"https:\/\/ristoranteallaconchiglia.com\/#website"},"primaryImageOfPage":{"@id":"https:\/\/ristoranteallaconchiglia.com\/#primaryimage"},"image":{"@id":"https:\/\/ristoranteallaconchiglia.com\/#primaryimage"},"thumbnailUrl":"http:\/\/ristoranteallaconchiglia.com\/wp-content\/uploads\/2023\/03\/Newsletter.png","datePublished":"2020-06-20T21:20:02+00:00","dateModified":"2025-03-16T19:23:34+00:00","breadcrumb":{"@id":"https:\/\/ristoranteallaconchiglia.com\/#breadcrumb"},"inLanguage":"it-IT","potentialAction":[{"@type":"ReadAction","target":["https:\/\/ristoranteallaconchiglia.com\/"]}]},{"@type":"ImageObject","inLanguage":"it-IT","@id":"https:\/\/ristoranteallaconchiglia.com\/#primaryimage","url":"https:\/\/i0.wp.com\/ristoranteallaconchiglia.com\/wp-content\/uploads\/2023\/03\/Newsletter.png?fit=684%2C288&ssl=1","contentUrl":"https:\/\/i0.wp.com\/ristoranteallaconchiglia.com\/wp-content\/uploads\/2023\/03\/Newsletter.png?fit=684%2C288&ssl=1","width":684,"height":288},{"@type":"BreadcrumbList","@id":"https:\/\/ristoranteallaconchiglia.com\/#breadcrumb","itemListElement":[{"@type":"ListItem","position":1,"name":"Home","item":"https:\/\/ristoranteallaconchiglia.com\/"},{"@type":"ListItem","position":2,"name":"Chi siamo"}]},{"@type":"WebSite","@id":"https:\/\/ristoranteallaconchiglia.com\/#website","url":"https:\/\/ristoranteallaconchiglia.com\/","name":"Ristorante alla Conchiglia","description":"Spell of the sea","publisher":{"@id":"https:\/\/ristoranteallaconchiglia.com\/#organization"},"potentialAction":[{"@type":"SearchAction","target":{"@type":"EntryPoint","urlTemplate":"https:\/\/ristoranteallaconchiglia.com\/?s={search_term_string}"},"query-input":{"@type":"PropertyValueSpecification","valueRequired":true,"valueName":"search_term_string"}}],"inLanguage":"it-IT"},{"@type":"Organization","@id":"https:\/\/ristoranteallaconchiglia.com\/#organization","name":"Ristorante alla Conchiglia","url":"https:\/\/ristoranteallaconchiglia.com\/","logo":{"@type":"ImageObject","inLanguage":"it-IT","@id":"https:\/\/ristoranteallaconchiglia.com\/#\/schema\/logo\/image\/","url":"http:\/\/ristoranteallaconchiglia.com\/wp-content\/uploads\/2023\/02\/Logo.png","contentUrl":"http:\/\/ristoranteallaconchiglia.com\/wp-content\/uploads\/2023\/02\/Logo.png","width":300,"height":300,"caption":"Ristorante alla Conchiglia"},"image":{"@id":"https:\/\/ristoranteallaconchiglia.com\/#\/schema\/logo\/image\/"},"sameAs":["https:\/\/www.facebook.com\/RistoranteAllaConchigliaVenezia","https:\/\/www.instagram.com\/ristoranteallaconchiglia\/"]}]}},"jetpack_sharing_enabled":true,"_links":{"self":[{"href":"https:\/\/ristoranteallaconchiglia.com\/index.php?rest_route=\/wp\/v2\/pages\/2"}],"collection":[{"href":"https:\/\/ristoranteallaconchiglia.com\/index.php?rest_route=\/wp\/v2\/pages"}],"about":[{"href":"https:\/\/ristoranteallaconchiglia.com\/index.php?rest_route=\/wp\/v2\/types\/page"}],"author":[{"embeddable":true,"href":"https:\/\/ristoranteallaconchiglia.com\/index.php?rest_route=\/wp\/v2\/users\/1"}],"replies":[{"embeddable":true,"href":"https:\/\/ristoranteallaconchiglia.com\/index.php?rest_route=%2Fwp%2Fv2%2Fcomments&post=2"}],"version-history":[{"count":54,"href":"https:\/\/ristoranteallaconchiglia.com\/index.php?rest_route=\/wp\/v2\/pages\/2\/revisions"}],"predecessor-version":[{"id":11606,"href":"https:\/\/ristoranteallaconchiglia.com\/index.php?rest_route=\/wp\/v2\/pages\/2\/revisions\/11606"}],"wp:attachment":[{"href":"https:\/\/ristoranteallaconchiglia.com\/index.php?rest_route=%2Fwp%2Fv2%2Fmedia&parent=2"}],"curies":[{"name":"wp","href":"https:\/\/api.w.org\/{rel}","templated":true}]}}